[INFO] cloning repository https://github.com/CircArgs/autumn
[INFO] running `Command { std: "git" "-c" "credential.helper=" "-c" "credential.helper=/workspace/cargo-home/bin/git-credential-null" "clone" "--bare" "https://github.com/CircArgs/autumn" "/workspace/cache/git-repos/https%3A%2F%2Fgithub.com%2FCircArgs%2Fautumn", kill_on_drop: false }`
[INFO] [stderr] Cloning into bare repository '/workspace/cache/git-repos/https%3A%2F%2Fgithub.com%2FCircArgs%2Fautumn'...
[INFO] running `Command { std: "git" "rev-parse" "HEAD", kill_on_drop: false }`
[INFO] [stdout] 1965e03f2cf383bbd49989e816b8f68f87a4a485
[INFO] checking CircArgs/autumn against try#72f88fc4e9458f89516a0b8b0868f3718aec5b47 for pr-74989
[INFO] running `Command { std: "git" "clone" "/workspace/cache/git-repos/https%3A%2F%2Fgithub.com%2FCircArgs%2Fautumn" "/workspace/builds/worker-7/source", kill_on_drop: false }`
[INFO] [stderr] Cloning into '/workspace/builds/worker-7/source'...
[INFO] [stderr] done.
[INFO] validating manifest of git repo https://github.com/CircArgs/autumn on toolchain 72f88fc4e9458f89516a0b8b0868f3718aec5b47
[INFO] running `Command { std: "/workspace/cargo-home/bin/cargo" "+72f88fc4e9458f89516a0b8b0868f3718aec5b47" "read-manifest" "--manifest-path" "Cargo.toml", kill_on_drop: false }`
[INFO] started tweaking git repo https://github.com/CircArgs/autumn
[INFO] finished tweaking git repo https://github.com/CircArgs/autumn
[INFO] tweaked toml for git repo https://github.com/CircArgs/autumn written to /workspace/builds/worker-7/source/Cargo.toml
[INFO] crate git repo https://github.com/CircArgs/autumn already has a lockfile, it will not be regenerated
[INFO] running `Command { std: "/workspace/cargo-home/bin/cargo" "+72f88fc4e9458f89516a0b8b0868f3718aec5b47" "fetch" "--locked" "--manifest-path" "Cargo.toml", kill_on_drop: false }`
[INFO] running `Command { std: "docker" "create" "-v" "/var/lib/crater-agent-workspace/builds/worker-7/target:/opt/rustwide/target:rw,Z" "-v" "/var/lib/crater-agent-workspace/builds/worker-7/source:/opt/rustwide/workdir:ro,Z" "-v" "/var/lib/crater-agent-workspace/cargo-home:/opt/rustwide/cargo-home:ro,Z" "-v" "/var/lib/crater-agent-workspace/rustup-home:/opt/rustwide/rustup-home:ro,Z" "-e" "SOURCE_DIR=/opt/rustwide/workdir" "-e" "CARGO_TARGET_DIR=/opt/rustwide/target" "-e" "CARGO_HOME=/opt/rustwide/cargo-home" "-e" "RUSTUP_HOME=/opt/rustwide/rustup-home" "-w" "/opt/rustwide/workdir" "-m" "1610612736" "--user" "0:0" "--network" "none" "rustops/crates-build-env@sha256:d92eaeed33fa75130ca1ee6c8a01d1ffb62bac859dfdfb3450e3e5d1c0146529" "/opt/rustwide/cargo-home/bin/cargo" "+72f88fc4e9458f89516a0b8b0868f3718aec5b47" "metadata" "--no-deps" "--format-version=1", kill_on_drop: false }`
[INFO] [stdout] 526238ceefeeecbd9c974831fc0cb9c78b1f47fbda2337d039ba41783c04eb91
[INFO] [stderr] WARNING: Your kernel does not support swap limit capabilities or the cgroup is not mounted. Memory limited without swap.
[INFO] running `Command { std: "docker" "start" "-a" "526238ceefeeecbd9c974831fc0cb9c78b1f47fbda2337d039ba41783c04eb91", kill_on_drop: false }`
[INFO] running `Command { std: "docker" "inspect" "526238ceefeeecbd9c974831fc0cb9c78b1f47fbda2337d039ba41783c04eb91", kill_on_drop: false }`
[INFO] running `Command { std: "docker" "rm" "-f" "526238ceefeeecbd9c974831fc0cb9c78b1f47fbda2337d039ba41783c04eb91", kill_on_drop: false }`
[INFO] [stdout] 526238ceefeeecbd9c974831fc0cb9c78b1f47fbda2337d039ba41783c04eb91
[INFO] running `Command { std: "docker" "create" "-v" "/var/lib/crater-agent-workspace/builds/worker-7/target:/opt/rustwide/target:rw,Z" "-v" "/var/lib/crater-agent-workspace/builds/worker-7/source:/opt/rustwide/workdir:ro,Z" "-v" "/var/lib/crater-agent-workspace/cargo-home:/opt/rustwide/cargo-home:ro,Z" "-v" "/var/lib/crater-agent-workspace/rustup-home:/opt/rustwide/rustup-home:ro,Z" "-e" "SOURCE_DIR=/opt/rustwide/workdir" "-e" "CARGO_TARGET_DIR=/opt/rustwide/target" "-e" "CARGO_INCREMENTAL=0" "-e" "RUST_BACKTRACE=full" "-e" "RUSTFLAGS=--cap-lints=forbid" "-e" "CARGO_HOME=/opt/rustwide/cargo-home" "-e" "RUSTUP_HOME=/opt/rustwide/rustup-home" "-w" "/opt/rustwide/workdir" "-m" "1610612736" "--user" "0:0" "--network" "none" "rustops/crates-build-env@sha256:d92eaeed33fa75130ca1ee6c8a01d1ffb62bac859dfdfb3450e3e5d1c0146529" "/opt/rustwide/cargo-home/bin/cargo" "+72f88fc4e9458f89516a0b8b0868f3718aec5b47" "check" "--frozen" "--all" "--all-targets" "--message-format=json", kill_on_drop: false }`
[INFO] [stdout] 9c3a74de6b2f47f5bc1e26604aff65833a3e92d2cc5112632cafee3af7d42e81
[INFO] [stderr] WARNING: Your kernel does not support swap limit capabilities or the cgroup is not mounted. Memory limited without swap.
[INFO] running `Command { std: "docker" "start" "-a" "9c3a74de6b2f47f5bc1e26604aff65833a3e92d2cc5112632cafee3af7d42e81", kill_on_drop: false }`
[INFO] [stderr]    Compiling unicode-xid v0.2.1
[INFO] [stderr]    Compiling wasm-bindgen-shared v0.2.63
[INFO] [stderr]    Compiling syn v1.0.33
[INFO] [stderr]    Compiling log v0.4.8
[INFO] [stderr]    Compiling cfg-if v0.1.10
[INFO] [stderr]    Compiling bumpalo v3.4.0
[INFO] [stderr]    Compiling lazy_static v1.4.0
[INFO] [stderr]    Compiling wasm-bindgen v0.2.63
[INFO] [stderr]    Compiling proc-macro2 v1.0.18
[INFO] [stderr]    Compiling quote v1.0.7
[INFO] [stderr]    Compiling wasm-bindgen-backend v0.2.63
[INFO] [stderr]    Compiling wasm-bindgen-macro-support v0.2.63
[INFO] [stderr]    Compiling wasm-bindgen-macro v0.2.63
[INFO] [stderr]     Checking autumn v0.1.0 (/opt/rustwide/workdir)
[INFO] [stdout] error: structs with #[wasm_bindgen] cannot have lifetime or type parameters currently
[INFO] [stdout]  --> src/lib.rs:7:16
[INFO] [stdout]   |
[INFO] [stdout] 7 | pub struct Node<'a, T: PartialOrd> {
[INFO] [stdout]   |                ^^^^^^^^^^^^^^^^^^^
[INFO] [stdout] 
[INFO] [stdout] 
[INFO] [stdout] error: structs with #[wasm_bindgen] cannot have lifetime or type parameters currently
[INFO] [stdout]  --> src/lib.rs:7:16
[INFO] [stdout]   |
[INFO] [stdout] 7 | pub struct Node<'a, T: PartialOrd> {
[INFO] [stdout]   |                ^^^^^^^^^^^^^^^^^^^
[INFO] [stdout] 
[INFO] [stdout] 
[INFO] [stdout] error[E0433]: failed to resolve: use of undeclared type or module `Node`
[INFO] [stdout]   --> src/lib.rs:28:55
[INFO] [stdout]    |
[INFO] [stdout] 28 |             &mut None => *target_node = Some(Box::new(Node::new(data))),
[INFO] [stdout]    |                                                       ^^^^ use of undeclared type or module `Node`
[INFO] [stdout] 
[INFO] [stdout] 
[INFO] [stdout] error[E0433]: failed to resolve: use of undeclared type or module `Node`
[INFO] [stdout]   --> src/lib.rs:28:55
[INFO] [stdout]    |
[INFO] [stdout] 28 |             &mut None => *target_node = Some(Box::new(Node::new(data))),
[INFO] [stdout]    |                                                       ^^^^ use of undeclared type or module `Node`
[INFO] [stdout] 
[INFO] [stdout] 
[INFO] [stdout] error[E0412]: cannot find type `Node` in this scope
[INFO] [stdout]   --> src/lib.rs:13:25
[INFO] [stdout]    |
[INFO] [stdout] 13 | impl<'a, T: PartialOrd> Node<'a, T> {
[INFO] [stdout]    |                         ^^^^ not found in this scope
[INFO] [stdout] 
[INFO] [stdout] 
[INFO] [stdout] error[E0412]: cannot find type `Node` in this scope
[INFO] [stdout]   --> src/lib.rs:13:25
[INFO] [stdout]    |
[INFO] [stdout] 13 | impl<'a, T: PartialOrd> Node<'a, T> {
[INFO] [stdout]    |                         ^^^^ not found in this scope
[INFO] [stdout] 
[INFO] [stdout] 
[INFO] [stdout] error[E0422]: cannot find struct, variant or union type `Node` in this scope
[INFO] [stdout]    --> src/lib.rs:15:16
[INFO] [stdout]     |
[INFO] [stdout] 15  |         return Node {
[INFO] [stdout]     |                ^^^^ help: a variant with a similar name exists: `None`
[INFO] [stdout] 
[INFO] [stdout] 
[INFO] [stdout] error[E0422]: cannot find struct, variant or union type `Node` in this scope
[INFO] [stdout]    --> src/lib.rs:15:16
[INFO] [stdout]     |
[INFO] [stdout] 15  |         return Node {
[INFO] [stdout]     |                ^^^^ help: a variant with a similar name exists: `None`
[INFO] [stdout] 
[INFO] [stdout] 
[INFO] [stdout] error: aborting due to 4 previous errors
[INFO] [stdout] 
[INFO] [stdout] 
[INFO] [stdout] Some errors have detailed explanations: E0412, E0422, E0433.
[INFO] [stdout] 
[INFO] [stdout] For more information about an error, try `rustc --explain E0412`.
[INFO] [stdout] 
[INFO] [stdout] error: aborting due to 4 previous errors
[INFO] [stdout] 
[INFO] [stdout] 
[INFO] [stdout] Some errors have detailed explanations: E0412, E0422, E0433.
[INFO] [stdout] 
[INFO] [stdout] For more information about an error, try `rustc --explain E0412`.
[INFO] [stdout] 
[INFO] [stderr] error: could not compile `autumn`.
[INFO] [stderr] 
[INFO] [stderr] To learn more, run the command again with --verbose.
[INFO] [stderr] warning: build failed, waiting for other jobs to finish...
[INFO] [stderr] error: build failed
[INFO] running `Command { std: "docker" "inspect" "9c3a74de6b2f47f5bc1e26604aff65833a3e92d2cc5112632cafee3af7d42e81", kill_on_drop: false }`
[INFO] running `Command { std: "docker" "rm" "-f" "9c3a74de6b2f47f5bc1e26604aff65833a3e92d2cc5112632cafee3af7d42e81", kill_on_drop: false }`
[INFO] [stdout] 9c3a74de6b2f47f5bc1e26604aff65833a3e92d2cc5112632cafee3af7d42e81
